{"id":56,"date":"2024-05-17T08:52:18","date_gmt":"2024-05-17T07:52:18","guid":{"rendered":"http:\/\/mariosorrentino.com\/?page_id=56"},"modified":"2024-10-30T11:05:22","modified_gmt":"2024-10-30T10:05:22","slug":"chi-sono","status":"publish","type":"page","link":"https:\/\/mariosorrentino.com\/?page_id=56","title":{"rendered":"Chi sono"},"content":{"rendered":"<div class=\"\" style=\"\" >\n    \n    <section class=\"u-clearfix u-palette-5-light-2 u-section-2\" id=\"sec-b14c\">\n      <div class=\"data-layout-selected u-clearfix u-layout-wrap u-layout-wrap-1\">\n        <div class=\"u-layout\" style=\"\">\n          <div class=\"u-layout-row\" style=\"\">\n            <div class=\"u-container-style u-image u-layout-cell u-right-cell u-shape-rectangle u-size-34-lg u-size-34-xl u-size-60-md u-size-60-sm u-size-60-xs u-image-1\" data-image-width=\"1080\" data-image-height=\"1350\" style=\"background-image: url(&quot;https:\/\/mariosorrentino.com\/wp-content\/uploads\/2024\/10\/20231214-sorrentino-016-e-instagram.jpg&quot;);\">\n              <div class=\"u-container-layout u-container-layout-1\"><\/div>\n            <\/div>\n            <div class=\"u-align-left u-container-align-left u-container-style u-layout-cell u-left-cell u-size-26-lg u-size-26-xl u-size-60-md u-size-60-sm u-size-60-xs u-layout-cell-2\">\n              <div class=\"u-container-layout u-container-layout-2\">\n                <h5 class=\"u-align-left u-custom-font u-font-pt-sans u-text u-text-palette-5-dark-2 u-text-1\">chi sono<\/h5>\n                <p class=\"u-align-left u-text u-text-palette-5-dark-2 u-text-2\"> Medico esperto in medicina tradizionale cinese, ho iniziato ad interessarmi alle medicine alternative frequentando i seminari del Dott. Chakravarty, famoso omeopata e medico personale del figlio del Mahatma Gandhi.&nbsp;Membro del Direttivo Nazionale dell'Agopuntura Forum-FNA. Segretario del \"Progetto di Ricerca per l Applicazione delle Medicine non Convenzionali in Ambito Oncologico\". Docente al master di secondo livello in tecniche di agopuntura per il recupero della cenestesi e la terapia antalgica presso l'Universit\u00e0 degli Studi di Roma \"Sapienza\".Direttore Scientifico nel 2013 del Progetto Pilota di Medicina Integrata presso il Dipartimento di Oncologia ASL Rieti.&nbsp;Dal 2014 al 2015 ho approfondito la mia formazione presso lo studio del Dott. Fu Bao Tian.<\/p>\n              <\/div>\n            <\/div>\n          <\/div>\n        <\/div>\n      <\/div>\n    <\/section>\n    <section class=\"u-clearfix u-section-3\" id=\"sec-4285\">\n      <div class=\"data-layout-selected u-clearfix u-expanded-width u-layout-wrap u-layout-wrap-1\">\n        <div class=\"u-layout\">\n          <div class=\"u-layout-row\">\n            <div class=\"u-container-style u-layout-cell u-palette-5-light-2 u-size-32 u-layout-cell-1\">\n              <div class=\"u-container-layout u-container-layout-1\">\n                <h2 class=\"u-align-left u-custom-font u-font-pt-sans u-text u-text-palette-5-dark-2 u-text-1\">COSA FACCIO<\/h2>\n                <p class=\"u-align-left u-text u-text-palette-5-dark-2 u-text-2\"> Esperto in varie tecniche di Agopuntura Orientali, sia Giapponesi che Indonesiane , pratico Addominopuntura e l\u2019Auricoloterapia<br>\n                  <br>\n                <\/p>\n              <\/div>\n            <\/div>\n            <div class=\"u-container-style u-image u-layout-cell u-size-28 u-image-1\" data-image-width=\"1280\" data-image-height=\"853\" style=\"background-image: url(&quot;https:\/\/mariosorrentino.com\/wp-content\/uploads\/2024\/05\/chinese-medicine-3666183_1280.jpg&quot;);\">\n              <div class=\"u-container-layout u-container-layout-2\"><\/div>\n            <\/div>\n          <\/div>\n        <\/div>\n      <\/div>\n    <\/section>\n    <section class=\"u-align-center u-clearfix u-container-align-center u-section-4\" id=\"sec-10dd\">\n      <div class=\"u-clearfix u-sheet u-valign-middle u-sheet-1\">\n        <h2 class=\"u-align-center u-text u-text-default u-text-1\">Interviste <\/h2>\n      <\/div>\n    <\/section>\n    <section class=\"u-clearfix u-section-5\" id=\"sec-5db5\">\n      <div class=\"u-clearfix u-sheet u-sheet-1\">\n        <div class=\"data-layout-selected u-clearfix u-expanded-width u-gutter-50 u-layout-wrap u-layout-wrap-1\">\n          <div class=\"u-layout\">\n            <div class=\"u-layout-row\">\n              <div class=\"u-align-left u-container-align-left u-container-style u-layout-cell u-left-cell u-size-30 u-layout-cell-1\">\n                <div class=\"u-container-layout u-container-layout-1\">\n                  <div class=\"u-expanded u-video u-video-1\">\n                    <div class=\"embed-responsive embed-responsive-1\">\n                      <iframe style=\"position: absolute;top: 0;left: 0;width: 100%;height: 100%;\" class=\"embed-responsive-item\" data-src=\"https:\/\/www.youtube.com\/embed\/4rx2m66SKWA?mute=0&amp;showinfo=0&amp;controls=0&amp;start=0\" data-poster=\"\/e5509dd96477e\/AdobeStock_467795544.jpeg\" frameborder=\"0\" allowfullscreen=\"\"><\/iframe>\n                      <button class=\"u-video-poster u-video-poster-1\" data-src=\"https:\/\/mariosorrentino.com\/wp-content\/uploads\/2024\/05\/AdobeStock_467795544-1.jpeg\" style=\"background-image: url(&quot;https:\/\/mariosorrentino.com\/wp-content\/uploads\/2024\/05\/AdobeStock_467795544-1.jpeg&quot;);\"><\/button>\n                    <\/div>\n                  <\/div>\n                <\/div>\n              <\/div>\n              <div class=\"u-align-left u-container-align-left u-container-style u-layout-cell u-right-cell u-size-30 u-layout-cell-2\">\n                <div class=\"u-container-layout u-valign-middle u-container-layout-2\">\n                  <h2 class=\"u-text u-text-1\">Effetti analgesici dell'agopuntura<\/h2>\n                  <p class=\"u-text u-text-2\">Intervista per Agopunturanews<\/p>\n                <\/div>\n              <\/div>\n            <\/div>\n          <\/div>\n        <\/div>\n      <\/div>\n    <\/section>\n    <section class=\"u-clearfix u-section-6\" id=\"sec-5957\">\n      <div class=\"u-clearfix u-sheet u-sheet-1\">\n        <div class=\"data-layout-selected u-clearfix u-expanded-width u-gutter-50 u-layout-wrap u-layout-wrap-1\">\n          <div class=\"u-layout\">\n            <div class=\"u-layout-row\">\n              <div class=\"u-align-left u-container-align-left u-container-style u-layout-cell u-left-cell u-size-30 u-layout-cell-1\">\n                <div class=\"u-container-layout u-container-layout-1\">\n                  <div class=\"u-expanded u-video\">\n                    <div class=\"embed-responsive embed-responsive-1\">\n                      <iframe style=\"position: absolute;top: 0;left: 0;width: 100%;height: 100%;\" class=\"embed-responsive-item\" data-src=\"https:\/\/www.youtube.com\/embed\/NLgfNU5A1Qw?mute=0&amp;showinfo=0&amp;controls=0&amp;start=0\" data-poster=\"\/1faad463ff35b8\/AdobeStock_319800278.jpeg\" frameborder=\"0\" allowfullscreen=\"\"><\/iframe>\n                      <button class=\"u-video-poster u-video-poster-1\" data-src=\"https:\/\/mariosorrentino.com\/wp-content\/uploads\/2024\/05\/AdobeStock_319800278.jpeg\" style=\"background-image: url(&quot;https:\/\/mariosorrentino.com\/wp-content\/uploads\/2024\/05\/AdobeStock_319800278.jpeg&quot;);\"><\/button>\n                    <\/div>\n                  <\/div>\n                <\/div>\n              <\/div>\n              <div class=\"u-align-left u-container-align-left u-container-style u-layout-cell u-right-cell u-size-30 u-layout-cell-2\">\n                <div class=\"u-container-layout u-valign-middle-lg u-valign-middle-md u-valign-middle-sm u-valign-middle-xl u-container-layout-2\">\n                  <h2 class=\"u-text u-text-1\">Agopuntura sui neonati<\/h2>\n                  <p class=\"u-text u-text-2\">Intervista per Sanit\u00e0 informazione<\/p>\n                <\/div>\n              <\/div>\n            <\/div>\n          <\/div>\n        <\/div>\n      <\/div>\n    <\/section>\n    <section class=\"u-align-center u-clearfix u-container-align-center u-section-7\" id=\"carousel_5d80\">\n      <div class=\"u-clearfix u-sheet u-valign-middle u-sheet-1\">\n        <h2 class=\"u-align-center u-text u-text-default u-text-1\">Dicono di me... <\/h2>\n      <\/div>\n    <\/section>\n    <section class=\"u-clearfix u-section-8\" id=\"sec-1957\">\n      <div class=\"u-clearfix u-sheet u-sheet-1\">\n        <div class=\"data-layout-selected u-clearfix u-layout-wrap u-layout-wrap-1\">\n          <div class=\"u-layout\">\n            <div class=\"u-layout-row\">\n              <div class=\"u-align-center u-container-align-center u-container-style u-layout-cell u-left-cell u-size-9 u-layout-cell-1\">\n                <div class=\"u-container-layout u-valign-top u-container-layout-1\"><span class=\"u-icon u-icon-circle u-text-grey-30 u-icon-1\"><svg class=\"u-svg-link\" preserveAspectRatio=\"xMidYMin slice\" viewBox=\"0 0 508.044 508.044\" style=\"\"><use xlink:href=\"#svg-1b2d\"><\/use><\/svg><svg class=\"u-svg-content\" viewBox=\"0 0 508.044 508.044\" x=\"0px\" y=\"0px\" id=\"svg-1b2d\" style=\"enable-background:new 0 0 508.044 508.044;\"><g><g><path d=\"M0.108,352.536c0,66.794,54.144,120.938,120.937,120.938c66.794,0,120.938-54.144,120.938-120.938    s-54.144-120.937-120.938-120.937c-13.727,0-26.867,2.393-39.168,6.61C109.093,82.118,230.814-18.543,117.979,64.303    C-7.138,156.17-0.026,348.84,0.114,352.371C0.114,352.426,0.108,352.475,0.108,352.536z\"><\/path><path d=\"M266.169,352.536c0,66.794,54.144,120.938,120.938,120.938s120.938-54.144,120.938-120.938S453.9,231.599,387.106,231.599    c-13.728,0-26.867,2.393-39.168,6.61C375.154,82.118,496.875-18.543,384.04,64.303C258.923,156.17,266.034,348.84,266.175,352.371    C266.175,352.426,266.169,352.475,266.169,352.536z\"><\/path>\n<\/g>\n<\/g><\/svg>\n                \n                \n              <\/span>\n                <\/div>\n              <\/div>\n              <div class=\"u-container-style u-layout-cell u-right-cell u-size-51 u-layout-cell-2\">\n                <div class=\"u-container-layout u-valign-top u-container-layout-2\">\n                  <p class=\"u-text u-text-1\">\"\u200bMi sono rivolta al Dott. Sorrentino dopo aver subito una lesione al nervo alveolare a seguito dell'asportazione di un dente del giudizio ed aver tentato, inutilmente, per mesi, diverse cure. Il dolore era insopportabile e continuo. Da subito il Dott. Sorrentino si \u00e8 rivelato disponibile all'ascolto, scrupoloso, attento. Ha dimostrato, inoltre, grande professionalit\u00e0, competenza, sensibilit\u00e0. In poco tempo le sue cure hanno avuto l'effetto sperato e per questo gli sono molto grata. Da allora ritorno dal Dott. Sorrentino per ogni altro disturbo di salute (artrosi, insonnia, sciatica ecc.) e tutte le volte lascio lo studio soddisfatta del risultato. Grazie!<\/p>\n                  <h5 class=\"u-text u-text-2\">Edelvais Gianani<\/h5>\n                <\/div>\n              <\/div>\n            <\/div>\n          <\/div>\n        <\/div>\n      <\/div>\n    <\/section>\n    <section class=\"u-clearfix u-section-9\" id=\"sec-4f6f\">\n      <div class=\"u-clearfix u-sheet u-sheet-1\">\n        <div class=\"data-layout-selected u-clearfix u-layout-wrap u-layout-wrap-1\">\n          <div class=\"u-layout\">\n            <div class=\"u-layout-row\">\n              <div class=\"u-align-center u-container-align-center u-container-style u-layout-cell u-left-cell u-size-9 u-layout-cell-1\">\n                <div class=\"u-container-layout u-valign-top u-container-layout-1\"><span class=\"u-icon u-icon-circle u-text-grey-30 u-icon-1\"><svg class=\"u-svg-link\" preserveAspectRatio=\"xMidYMin slice\" viewBox=\"0 0 508.044 508.044\" style=\"\"><use xlink:href=\"#svg-c66f\"><\/use><\/svg><svg class=\"u-svg-content\" viewBox=\"0 0 508.044 508.044\" x=\"0px\" y=\"0px\" id=\"svg-c66f\" style=\"enable-background:new 0 0 508.044 508.044;\"><g><g><path d=\"M0.108,352.536c0,66.794,54.144,120.938,120.937,120.938c66.794,0,120.938-54.144,120.938-120.938    s-54.144-120.937-120.938-120.937c-13.727,0-26.867,2.393-39.168,6.61C109.093,82.118,230.814-18.543,117.979,64.303    C-7.138,156.17-0.026,348.84,0.114,352.371C0.114,352.426,0.108,352.475,0.108,352.536z\"><\/path><path d=\"M266.169,352.536c0,66.794,54.144,120.938,120.938,120.938s120.938-54.144,120.938-120.938S453.9,231.599,387.106,231.599    c-13.728,0-26.867,2.393-39.168,6.61C375.154,82.118,496.875-18.543,384.04,64.303C258.923,156.17,266.034,348.84,266.175,352.371    C266.175,352.426,266.169,352.475,266.169,352.536z\"><\/path>\n<\/g>\n<\/g><\/svg>\n                \n                \n              <\/span>\n                <\/div>\n              <\/div>\n              <div class=\"u-container-style u-layout-cell u-right-cell u-size-51 u-layout-cell-2\">\n                <div class=\"u-container-layout u-valign-top u-container-layout-2\">\n                  <p class=\"u-text u-text-1\"> Dopo mesi di dolori e vani tentativi mi sono rivolta al Dottor Sorrentino che mi ha curata risolvendo la patologia che mi affliggeva. Ho recuperato la mobilit\u00e0. Agopuntore di grandissima esperienza, applica la propria competenza medica a tutto tondo. Aggiungo che, in una situazione di grande sofferenza, il suo approccio empatico e la sua comprensione sono di enorme aiuto.<\/p>\n                  <h5 class=\"u-text u-text-2\">Gabriella Saracco<\/h5>\n                <\/div>\n              <\/div>\n            <\/div>\n          <\/div>\n        <\/div>\n      <\/div>\n    <\/section>\n    <section class=\"u-clearfix u-section-10\" id=\"sec-679a\">\n      <div class=\"u-clearfix u-sheet u-sheet-1\">\n        <div class=\"data-layout-selected u-clearfix u-layout-wrap u-layout-wrap-1\">\n          <div class=\"u-layout\">\n            <div class=\"u-layout-row\">\n              <div class=\"u-align-center u-container-align-center u-container-style u-layout-cell u-left-cell u-size-9 u-layout-cell-1\">\n                <div class=\"u-container-layout u-valign-top u-container-layout-1\"><span class=\"u-icon u-icon-circle u-text-grey-30 u-icon-1\"><svg class=\"u-svg-link\" preserveAspectRatio=\"xMidYMin slice\" viewBox=\"0 0 508.044 508.044\" style=\"\"><use xlink:href=\"#svg-03bb\"><\/use><\/svg><svg class=\"u-svg-content\" viewBox=\"0 0 508.044 508.044\" x=\"0px\" y=\"0px\" id=\"svg-03bb\" style=\"enable-background:new 0 0 508.044 508.044;\"><g><g><path d=\"M0.108,352.536c0,66.794,54.144,120.938,120.937,120.938c66.794,0,120.938-54.144,120.938-120.938    s-54.144-120.937-120.938-120.937c-13.727,0-26.867,2.393-39.168,6.61C109.093,82.118,230.814-18.543,117.979,64.303    C-7.138,156.17-0.026,348.84,0.114,352.371C0.114,352.426,0.108,352.475,0.108,352.536z\"><\/path><path d=\"M266.169,352.536c0,66.794,54.144,120.938,120.938,120.938s120.938-54.144,120.938-120.938S453.9,231.599,387.106,231.599    c-13.728,0-26.867,2.393-39.168,6.61C375.154,82.118,496.875-18.543,384.04,64.303C258.923,156.17,266.034,348.84,266.175,352.371    C266.175,352.426,266.169,352.475,266.169,352.536z\"><\/path>\n<\/g>\n<\/g><\/svg>\n                \n                \n              <\/span>\n                <\/div>\n              <\/div>\n              <div class=\"u-container-style u-layout-cell u-right-cell u-size-51 u-layout-cell-2\">\n                <div class=\"u-container-layout u-valign-top u-container-layout-2\">\n                  <p class=\"u-text u-text-1\"> Unisce professionalit\u00e0 ed esperienza provenienti da diverse tradizioni mediche e grazie al suo approccio integrato ed olistico problemi e dolori vengono superati. Risveglia le sopite capacit\u00e0 del nostro corpo di reagire al disagio e alla malattia e la terapia diventa un momento di relax, un appuntamento con la possibilit\u00e0 di recuperare energia, forza e benessere. Se lo si prova, non lo si abbandona pi\u00f9<\/p>\n                  <h5 class=\"u-text u-text-2\">Stella Tundo<\/h5>\n                <\/div>\n              <\/div>\n            <\/div>\n          <\/div>\n        <\/div>\n      <\/div>\n    <\/section>\n    \n    \n    \n    \n  \n<\/div>","protected":false},"excerpt":{"rendered":"<p>chi sono Medico esperto in medicina tradizionale cinese, ho iniziato ad interessarmi alle medicine alternative frequentando i seminari del Dott. Chakravarty, famoso omeopata e medico personale del figlio del Mahatma Gandhi.&nbsp;Membro del Direttivo Nazionale dell&#8217;Agopuntura Forum-FNA. Segretario del &#8220;Progetto di Ricerca per l Applicazione delle Medicine non Convenzionali in Ambito Oncologico&#8221;. Docente al master di [&hellip;]<\/p>\n","protected":false},"author":2,"featured_media":0,"parent":0,"menu_order":0,"comment_status":"closed","ping_status":"closed","template":"","meta":{"footnotes":""},"class_list":["post-56","page","type-page","status-publish","hentry"],"_links":{"self":[{"href":"https:\/\/mariosorrentino.com\/index.php?rest_route=\/wp\/v2\/pages\/56","targetHints":{"allow":["GET"]}}],"collection":[{"href":"https:\/\/mariosorrentino.com\/index.php?rest_route=\/wp\/v2\/pages"}],"about":[{"href":"https:\/\/mariosorrentino.com\/index.php?rest_route=\/wp\/v2\/types\/page"}],"author":[{"embeddable":true,"href":"https:\/\/mariosorrentino.com\/index.php?rest_route=\/wp\/v2\/users\/2"}],"replies":[{"embeddable":true,"href":"https:\/\/mariosorrentino.com\/index.php?rest_route=%2Fwp%2Fv2%2Fcomments&post=56"}],"version-history":[{"count":5,"href":"https:\/\/mariosorrentino.com\/index.php?rest_route=\/wp\/v2\/pages\/56\/revisions"}],"predecessor-version":[{"id":118,"href":"https:\/\/mariosorrentino.com\/index.php?rest_route=\/wp\/v2\/pages\/56\/revisions\/118"}],"wp:attachment":[{"href":"https:\/\/mariosorrentino.com\/index.php?rest_route=%2Fwp%2Fv2%2Fmedia&parent=56"}],"curies":[{"name":"wp","href":"https:\/\/api.w.org\/{rel}","templated":true}]}}